a. What are the prime factors of c?
41
Let b(r) be the second derivative of -2*r**5/5 + r**4/3 + r**3/2 - 7*r. Suppose -5*v - 4 = 2*k, v - 4*k - 7 = -7*k. List the prime factors of b(v).
2, 37
Let x(j) = 23*j + 190. Let t be x(-8). Suppose -3*s - 74 = p - t*p, 5*p - 70 = 5*s. List the prime factors of p.
2
Let v = 959 + -1433. Let u = 1536 + v. List the prime factors of u.
2, 3, 59
Let n be ((-15)/12 + 35/20)*62. Suppose b = -5*f + 1188, -n + 265 = f + 2*b. List the prime factors of f.
2, 7, 17
Let y(u) = 6*u + 29. Let v be y(-5). Let n be (-2)/(-3) - v*(-68)/(-6). List the prime factors of 21 + n/4 + 1.
5
Let u(d) = d**3 - 53*d**2 - 53*d - 42. Let g be u(54). Suppose -4*k - 86 = -2*c + g, k = -4*c + 223. List the prime factors of c.
5, 11
Suppose -30*u - 220*u + 1078986 = -64*u. What are the prime factors of u?
5801
Let z(c) = 451*c**2 + 11*c - 13. Let u(m) = -225*m**2 - 5*m + 6. Let g(b) = 9*u(b) + 4*z(b). Let w be g(1). List the prime factors of w/(-14)*35/5.
2, 5, 11
Let g = 39 + 16. Suppose 6*f = 47 + g. Suppose -p = -0*p - f. What are the prime factors of p?
17
Suppose -6*z + 4*z = 4*t - 3526, -t = -5*z + 8837. Let x = -1141 + z. List the prime factors of x.
2, 313
Let n = 40 + -42. Let a(r) = -8*r**3 + r**2 - 2*r + 1. Let g be a(n). Let l = -31 + g. What are the prime factors of l?
2, 3, 7
Let s(l) = 251*l**2 - 97*l**2 + 1 + 2*l + 94*l**2. Let n be s(-1). Let b = 459 - n. List the prime factors of b.
2, 53
Let h = -54124 + 85508. List the prime factors of h.
2, 3923
What are the prime factors of 30/40 - 459074/(-8)?
5, 23, 499
Suppose 0 = -16*h - 1812 + 5348. Suppose 2*n - 2421 + h = 0. List the prime factors of n.
2, 5, 11
Let z(c) = 10*c**2 - 549*c + 58. What are the prime factors of z(100)?
2, 67, 337
Let y = 11588 - 2546. What are the prime factors of y?
2, 3, 11, 137
Suppose 2*x + 169310 = 2*n + 46648, -n + 5*x + 61363 = 0. What are the prime factors of n?
3, 20441
Let i(v) = v**2 - 14*v + 54. Let t be i(13). Suppose -3*o = 0, 43*r - 1318 = t*r + 4*o. List the prime factors of r.
659
Suppose -6494 = 15*m + 421. Let q = m + 1048. List the prime factors of q/3 + -5 + (-13)/(-3).
3, 5, 13
Suppose -18 = -a + 10. Suppose -5*g + 15 + 15 = 0. Suppose g*p + a = 7*p. What are the prime factors of p?
2, 7
What are the prime factors of (-48 + 7 + 2)/(6/(-1322))?
13, 661
Suppose o - 3*g = 0, 4*o + g = 2*g. Suppose o = 5*u - 4*h - 452, 38*u - 4*h + 164 = 40*u. List the prime factors of u.
2, 11
Let z(h) = -233*h**3 - 5*h**2 - 11*h + 23. What are the prime factors of z(-4)?
47, 317
Let t(u) = u - 5. Suppose 34*m = 28*m + 126. List the prime factors of t(m).
2
Suppose -4*q = -c - 0*c + 286, 3*q = 2*c - 572. Let j = 562 - c. Suppose 288 = 5*o - 2*p, 2*o = 7*o + p - j. List the prime factors of o.
2, 7
Let i(l) = l**2 + 15*l - 154. Let o be i(-22). Suppose o = 5*m - 10, -4*z + 2*m + 2370 = m. What are the prime factors of z?
593
Suppose 0 = 9*j + 76*j - 56121 - 678789. List the prime factors of j.
2, 3, 11, 131
Let d(x) = 16*x**2 - x - 25. Suppose -12*b - 120 = -48. List the prime factors of d(b).
557
Let j = 27 - 16. What are the prime factors of 9465/33 + 2/j?
7, 41
Suppose -4*t + 17 = 5*s, 5*t + 30 = 2*s + 2*s. What are the prime factors of 0/t + (899 - -3)?
2, 11, 41
Let r(s) = 28*s - 1. Let w(p) = 29*p. Let z(v) = -4*r(v) + 3*w(v). Let y be z(-9). Suppose 5*o = -25, -y = -4*x + o + 96. What are the prime factors of x?
2, 5
Let l be (20999/(-121) - -13) + 12/22. Suppose -5*k - 460 = -3*n + n, 464 = 2*n - 3*k. Let w = n + l. List the prime factors of w.
3, 5
Let n = 400 - 222. Suppose -l - 5*b + 98 = 0, 4*l - 559 = -2*b - 77. Let i = n - l. What are the prime factors of i?
5, 11
Suppose 18 = r + 18. Suppose r = 2*g - 3*k - 4 - 87, 5*k = g - 35. Let z = g - -25. What are the prime factors of z?
3, 5
What are the prime factors of (-17201 + -459)*1*6*4/(-8)?
2, 3, 5, 883
Let f(h) = -h**2 + 8*h + 24. Let w be f(10). Suppose 4*u = -w*j + 892, -802 = -3*u - 4*j - 138. List the prime factors of (-1 - 2)/((-237)/u + 1).
2, 19
Suppose 6*l = z + 183023, 15*l + z + 61011 = 17*l. List the prime factors of l.
11, 47, 59
Let r(c) = 11*c + 249. List the prime factors of r(-18).
3, 17
Suppose 3*j + 2*j - 159805 = -5*t, 0 = 3*j + 10*t - 95946. What are the prime factors of j?
2, 1997
Let k(j) = -2*j**2 - 2*j - 5. Let r be k(6). Let t(g) = 7*g - 16. Let w be t(21). Let n = r + w. What are the prime factors of n?
2, 3, 7
Let l(t) = -2*t**2 - t - 5. Let m(c) = c**2 - c + 1. Let s(d) = -l(d) - 3*m(d). Let z be s(4). Suppose -z*a + 100 = 30. What are the prime factors of a?
5, 7
Suppose -11*p + 112170 = 4*p. List the prime factors of p.
2, 3739
Let b(d) = d**2 - 7*d - 24. Let i be b(10). Suppose 0 = -4*p - o + 18, -i = -2*p - 2*o + 6. List the prime factors of 2/p*40*4.
2, 5
Suppose 34*g - 12*g - 19800 = 0. Let y = g + -232. What are the prime factors of y?
2, 167
Suppose -2*g - 3*y + 115762 - 43602 = 0, 4*g + 2*y = 144304. List the prime factors of g.
2, 17, 1061
Suppose -4*m + 160 = -4*i, -5*i = -m + 5*m - 124. Suppose 0 = -9*r + 99 + m. Suppose 2*w = 3 + r. List the prime factors of w.
3
Suppose -41*r + 226167 - 244853 = -774439. List the prime factors of r.
18433
Let v(r) = 15*r**3 - 7*r**2 + 111*r - 1092. List the prime factors of v(9).
3, 5, 137
Suppose 7*f - 204 = f. Let h be 14/7*(2 + -2 - -2). Suppose -h*a - f = -v, 62 = 3*v + 2*a - 12. What are the prime factors of v?
2, 13
Suppose 0 = -5*b + 6*n - 7*n + 4, -2*n = -8. Suppose b = 12*d - 5970 + 810. List the prime factors of d.
2, 5, 43
Let i(k) = 2*k**3 + 2*k**2 - 6*k + 4. Let l be i(1). Suppose l*s - 1671 - 219 = 0. List the prime factors of s.
3, 5, 7
Let m be (6/12)/(1/2). Let g be (-2 + 30/(-8))*(-5 + m). Suppose 6*v - g = 49. What are the prime factors of v?
2, 3
Let o(t) = -16*t + 18. Let s be o(1). What are the prime factors of ((-4)/s)/(2970/(-369) - -8)?
41
Let y = 444 - 274. Let p = y + -151. List the prime factors of p.
19
Suppose -333 = 6*g - 429. Suppose 4671 = -7*f + g*f. What are the prime factors of f?
3, 173
Suppose -2*r - 1853 = 3*x + 75, 2*r + 2*x + 1924 = 0. Let z = -573 - r. List the prime factors of z.
5, 7, 11
What are the prime factors of (-9503 - 132)/(2 + (-42)/20)?
2, 5, 41, 47
Let t be (-86)/(-4) + 3*(-4)/(-8). Let x be ((-4)/22 - (-96)/44) + t. Let h = x + -20. List the prime factors of h.
5
What are the prime factors of -8 + (-10)/((-130)/107393)?
3, 7, 131
Let o = 5611 + 3255. List the prime factors of o.
2, 11, 13, 31
Suppose -70*o - 585522 = -133*o. List the prime factors of o.
2, 3, 1549
Suppose 1464131 = 82*n + 31*n - 2951683. What are the prime factors of n?
2, 3, 13, 167
List the prime factors of 13 - (-71496)/9 - (-1 + 4).
2, 41, 97
Let o = 1231 + -229. Suppose -6*y - o = -7*y. Suppose 6*h = 72 + y. What are the prime factors of h?
179
Let o be 6/27 + (-129)/(-27) + -3. Suppose o*y - 4*q = 298, q + 205 = 4*y - 391. What are the prime factors of y?
149
Let m be (-128)/(-12) - (-1)/3. Let u(v) = 2*v + 7*v**2 + 5*v**2 - v + 8 - m*v**2. List the prime factors of u(-6).
2, 19
Suppose -26*g + 68*g - 202560 = 2*g. What are the prime factors of g?
2, 3, 211
Suppose 195464 = 5*u - 2*t, 0 = -46*u + 45*u - 4*t + 39128. List the prime factors of u.
2, 3, 181
Suppose 0 = -13*o + 42 - 198. List the prime factors of (-2 - 0)/1 - (-1178 + o).
2, 3, 11
Let c = -128 + 130. Suppose -c*u = -4, -4*u - 1682 = -4*x + 574. List the prime factors of x.
2, 283
Let i(v) = -4*v - 107. Let w be i(-25). Let y(o) = -o**2 - 11*o - 7. List the prime factors of y(w).
3, 7
Let s = 214 + -201. Suppose 892 = 4*h - 2*d, s*h + 2*d = 14*h - 229. What are the prime factors of h?
13, 17
Suppose 22 - 7 = 5*w, 0 = -2*k + 5*w + 65. Let m be (0 - -6 - 0)/(10/k). Suppose -m*x = -15*x - 1710. What are the prime factors of x?
2, 5, 19
Let n(t) = 2*t**2 + 16*t + 15. Suppose 14*p - 17*p = 18. Let h be n(p). Let l(k) = -7*k + 20. List the prime factors of l(h).
83
Suppose 34*c = -n + 29*c + 31451, c + 3 = 0. List the prime factors of n.
2, 15733
Let b(t) = t**3 - 18*t**2 - 4*t + 41. Let m be b(10). Let d = -620 - m. List the prime factors of d.
179
Let p(x) be the first derivative of -x**3/3 + 13*x**2/2 - 16*x - 12. Let o be p(12). What are the prime factors of (2/(-6))/(2*o/1224)?
3, 17
Let h(g) = -3914*g**3 - 4*g*